of ((-45)/t)/5*106/3.
53
List the prime factors of 286/52 - (-1093967)/34.
3, 17, 631
Let w(i) = -13*i + 3. Let m be w(3). Let l = m - -41. Suppose -5*c - a + 2*a = -202, -4*a + 192 = l*c. What are the prime factors of c?
2, 5
Suppose 571 = i - 664. Let q = i + -728. What are the prime factors of q?
3, 13
Suppose -1 = k - 10. Let j = k - 6. Suppose -b + 52 = -3*f + 10, b + j*f = 54. List the prime factors of b.
2, 3
Suppose 3*z + j - 4017 = 0, -z - j - 5349 = -5*z. Let n = -742 + z. What are the prime factors of n?
2, 149
Let l(i) = 3*i**3 - 65*i**2 + 38*i + 34. Let k(v) = v**3 - 22*v**2 + 13*v + 11. Let t(g) = 17*k(g) - 6*l(g). List the prime factors of t(9).
487
Suppose 3*f + 296 = -6*l + l, 98 = -f - l. Let s(b) = -2*b**3 - 33*b**2 + 9*b + 23. Let j be s(-17). Let h = j + f. List the prime factors of h.
2, 31
Let l(m) = 44*m + 28. Suppose -10*w + 5*w + 25 = 0. Let t(s) = 2*s - 5. Let y be t(w). List the prime factors of l(y).
2, 31
Suppose -8*q + 21 = -67. Let w = -18 + q. Let k(f) = -f**3 - 6*f**2 - 3*f - 14. What are the prime factors of k(w)?
2, 7
Let b = -970 - -2684. Let y = 2421 - b. List the prime factors of y.
7, 101
Suppose -9*x + 23052 + 1977 = 0. Suppose 2880 = 9*b - x. What are the prime factors of b?
17, 37
What are the prime factors of (-302900)/40*(-130)/25?
13, 233
Suppose -7*q - q = -q. Suppose 20 = -4*y, n + 31*y - 30*y - 1026 = q. What are the prime factors of n?
1031
Suppose 12*n - 78 = 11*n. Suppose -n*g + 8 = -79*g. List the prime factors of g + (-16)/(0 + -4) + 208.
2, 3, 17
Let t be (-102672)/(-112) + 2/7. Let k = t - 520. What are the prime factors of k?
397
Let r(t) = -9*t + 1. Let c be r(-1). Let o = c + -11. Let f(h) = -75*h**3 + h**2 - h - 1. List the prime factors of f(o).
2, 19
Let l = 53830 + -13031. What are the prime factors of l?
11, 3709
Suppose 134*o - 1595148 = 5586098 - 667640. List the prime factors of o.
3, 11, 491
Suppose 2*a + 198 = 4*o, 3*a = 2*a - 2*o - 115. Let c = a - -395. What are the prime factors of c?
2, 3
Let h = 100718 - 61905. List the prime factors of h.
37, 1049
Suppose -19 = -6*m + 5. Let k(w) = w**2 - 6*w + 10. Let t be k(m). Suppose 0 = -4*v + 3*y + 437, 3*v - y - 109 = t*v. What are the prime factors of v?
2, 5, 11
Let x be (804202/(-63) - 13) + 2/18. List the prime factors of x/(-22) + -3 + 10/55.
2, 17
Let g(c) = -2*c**2 + 7*c + 20. Suppose 4*r + 29 = -3. Let h be g(r). Let n = h + 284. What are the prime factors of n?
2, 3, 5
Suppose -r + 160 = s, -r = 3*s - 0*r - 480. Suppose -5*m = -0*m + 5*p - s, 2*p - 4 = 0. Suppose -2*w - 6 + m = 0. List the prime factors of w.
2, 3
Let w(s) = 3*s**3 + 126*s**2 - 47*s - 324. List the prime factors of w(-38).
2, 5, 1879
List the prime factors of ((-15550)/50)/((-1)/46).
2, 23, 311
Suppose 3*l + 3 = 45. Suppose 14 - l = 5*t. Suppose t = -16*d + 2521 + 423. List the prime factors of d.
2, 23
Let k be (-23)/161 - 72/(-14). Suppose 5*l - 3*f - 2110 = 0, -1232 = -0*l - 3*l - k*f. List the prime factors of l.
419
Let l = 51 + -63. Let a be (-14)/((-3)/(l*1)). List the prime factors of a*((-138)/210 + 2/(-10)).
2, 3
Let t be ((-14)/(-15))/7 - 399/(-45). Suppose 8*i = -2*m + t*i + 407, 5 = i. List the prime factors of m.
2, 103
Let o(y) = -y**3 - 4*y**2 - y - 2. Let g be (-11)/2 + 12/24. Let u be o(g). Suppose 2*l - 190 = -u. List the prime factors of l.
3
Suppose 5*q - 4*l - 190268 - 134966 = 0, -4*q = -5*l - 260198. List the prime factors of q.
2, 17, 1913
Let y be (((-20)/4)/10)/(1/(-4)). Let c(b) = 5 + 13*b + 2*b + 36*b. What are the prime factors of c(y)?
107
Let h(o) = -o**3 + 2*o**2 + 7*o - 20. Let d be h(3). Let f(q) = q**3 + 16*q**2 + 3*q - 49. List the prime factors of f(d).
439
Let m(u) = 49*u**3 - 21*u**2 - 6*u - 24. What are the prime factors of m(7)?
2, 491
Let o(w) = -226*w - 44. Let p be o(9). Let c = -1420 - p. List the prime factors of c.
2, 7, 47
Let d be 8/(-2)*(-5 - 1). Suppose -6*j + d = -0. Suppose 3*c - 26 = j. List the prime factors of c.
2, 5
Let m(v) = -v**2 + 39*v + 54. Let q be m(25). Suppose -2452 = -6*k + q. List the prime factors of k.
2, 7, 17
Let x = 206 - 131. Let c = 581 + x. What are the prime factors of c?
2, 41
Suppose -4*s = -m - 18, 4*s + 0*m - 8 = -4*m. Suppose w = -5*d - 152 + 1458, s = 4*w. What are the prime factors of d?
3, 29
Suppose 55 = -14*w + 25*w. Suppose 2*j = -4*g + 34, w*j + 3 = g - 0*g. Suppose 2*y = d - 99, g*d - 3*d = 3*y + 467. What are the prime factors of d?
7, 13
Suppose 403*l - 13449619 + 2863212 = 0. List the prime factors of l.
109, 241
List the prime factors of (-1 - (10 - 12)) + (3 - -3783).
7, 541
Suppose -5*i = -3*h - 28, 0 = 2*i - 5*h - 9 - 6. Suppose -i*x = -5*d - 2525, 2*x - 709 - 322 = -5*d. What are the prime factors of x*4/48*1*3?
127
Let m = -81 - -83. Suppose c - 10 = m*x, 3*c - 4*x = -3 + 25. What are the prime factors of (c + -5 - -6) + 0 + 51?
2, 3
Suppose 4*g - 3*k = 1925, -320 - 2125 = -5*g - 4*k. Let c = -251 + g. What are the prime factors of c?
2, 3, 13
Let q be (1620/945)/((-4)/16814). What are the prime factors of (-4)/(-10) + 8/(-80)*q?
7, 103
Suppose 0 = -5*o - 6 + 16. Let x be o/((-3 - -1)*(-4)/(-228)). Let n = x + 87. What are the prime factors of n?
2, 3, 5
Suppose -98 - 49 = -3*k - 2*g, 3*k - 5*g - 126 = 0. Suppose 8*p + k = 831. Suppose 0 = 8*c + p - 586. What are the prime factors of c?
61
Let c be (-4)/26 + 3014/(-13). Suppose 0 = -348*v + 341*v - 2611. Let u = c - v. What are the prime factors of u?
3, 47
Suppose -78*g - 64*g = 173*g - 5596920. What are the prime factors of g?
2, 2221
Suppose 340*y - 100623 = 2362677. List the prime factors of y.
3, 5, 7, 23
Let s = -2104 - -3758. What are the prime factors of s?
2, 827
Let q(p) = p**3 - 16*p**2 + 18*p - 8. Let m(o) = -o**3 + o + 15. Let n be m(0). Let z be q(n). Suppose w = z + 75. List the prime factors of w.
2, 7
Let q(t) = -12*t**2 + 5*t - 2. Suppose 2*w - 3 = -1. Let m be q(w). Let b(s) = s**3 + 10*s**2 - 5*s - 7. List the prime factors of b(m).
7, 17
Suppose 40 = -f + 39, -5*g - 5*f = 6850. Let q = g + 3071. What are the prime factors of q?
2, 23, 37
Let t = 7358 + -4986. List the prime factors of t.
2, 593
Suppose -3*z + 26*n + 38082 = 23*n, -2*z - 5*n = -25423. What are the prime factors of z?
3, 17, 83
Suppose 32*h - 513474 + 15554 = 0. List the prime factors of h.
2, 5, 389
Let k = -39 - -39. Suppose k = -20*b + 22*b. Suppose 4*q + b*q = 84. What are the prime factors of q?
3, 7
Let j(a) = 69*a**2 + 12*a + 84. What are the prime factors of j(10)?
2, 3, 37
Let z = 49605 - 24898. What are the prime factors of z?
31, 797
Let w(k) = 104*k - 61. Let q(t) = -3*t + 1. Let o(u) = q(u) - w(u). What are the prime factors of o(-4)?
2, 5, 7
Let o = 30 + -28. Suppose 0 = 3*r - 3*i + 51 + 192, -o*i - 342 = 4*r. Let p = r - -133. List the prime factors of p.
7
Suppose -5*f + 25 + 15 = 5*x, 5*f = -x + 24. Suppose -7*i + 77 = f*i. Suppose -k = 4, -4*n = -i*k + 3*k - 404. List the prime factors of n.
97
Suppose 0 = -4*k + i + 2*i + 19, -4*k = 4*i + 16. Let l(p) = p + 9. Let u be l(-8). What are the prime factors of u + k + 16*52/8?
2, 53
Let o(j) = 80*j**2 - 45*j + 9. What are the prime factors of o(-11)?
2, 19, 67
Suppose 0 = 5*x - 4*x + 164. Let l = -18 - x. Suppose 6 + l = 4*a. What are the prime factors of a?
2, 19
Let g = -943 + 466. Let w = g + 1125. What are the prime factors of w?
2, 3
Let f be (-4 + 3)/(5/(-20)). Suppose f*j + l - 234 = 0, -2*j + 0*j - l + 118 = 0. Suppose -56 = -z + j. What are the prime factors of z?
2, 3, 19
Let a = 15356 + -1245. What are the prime factors of a?
103, 137
Let f(d) = -d**3 - 48*d**2 - 50*d - 110. List the prime factors of f(-49).
11, 431
Suppose -5*c + 107629 = -3*d - 64552, 4*c - 137700 = -4*d. What are the prime factors of c?
2, 269
Let d be (-81)/(-30)*92 + (-2)/5. Suppose a - 5*a - d = -4*w, 3*a - 294 = -5*w. Suppose 0 = 5*r - r + 8, 3*y = -3*r + w. List the prime factors of y.
2, 11
Let p be (-10)/(-4)*20/25. Suppose 0 = -5*g + 2*x + 2, -p*x + 4*x = -2. Suppose -w + 83 = -g*w. What are the prime factors of w?
83
Suppose 21694 + 7076 = 5*l - 5*c, -l + 5742 = -4*c. What are the prime factors of l?
2, 2879
Suppose -3*n + 4019 + 25231 = y, -n - 87740 = -3*y. What are the prime factors of y?
3, 9749
Suppose 13*q + 11*q - 1195002 - 1099614 = 0. List the prime fac